{"id":43,"date":"2026-02-05T09:05:10","date_gmt":"2026-02-05T09:05:10","guid":{"rendered":"https:\/\/www.aafp23.com\/?page_id=43"},"modified":"2026-02-06T11:01:21","modified_gmt":"2026-02-06T11:01:21","slug":"presentation-de-lagence-academique-francaise-privee","status":"publish","type":"page","link":"https:\/\/www.aafp23.com\/index.php\/presentation-de-lagence-academique-francaise-privee\/","title":{"rendered":"Pr\u00e9sentation de l\u2019Agence Acad\u00e9mique Fran\u00e7aise Priv\u00e9e"},"content":{"rendered":"\n<figure class=\"wp-block-image aligncenter size-full is-resized has-custom-border is-style-rounded\" style=\"margin-right:0;margin-left:0\"><img loading=\"lazy\" decoding=\"async\" width=\"579\" height=\"392\" src=\"https:\/\/www.aafp23.com\/wp-content\/uploads\/2026\/02\/image-1.png\" alt=\"\" class=\"wp-image-44\" style=\"border-style:none;border-width:0px;border-top-left-radius:0px;border-top-right-radius:0px;border-bottom-left-radius:0px;border-bottom-right-radius:0px;width:551px;height:auto\" srcset=\"https:\/\/www.aafp23.com\/wp-content\/uploads\/2026\/02\/image-1.png 579w, https:\/\/www.aafp23.com\/wp-content\/uploads\/2026\/02\/image-1-300x203.png 300w\" sizes=\"auto, (max-width: 579px) 100vw, 579px\" \/><\/figure>\n\n\n\n<p><strong>Agence Acad\u00e9mique Fran\u00e7aise Priv\u00e9e<\/strong>, est une structure qui a pour missions principales :<\/p>\n\n\n\n<ul class=\"wp-block-list\">\n<li>Soutenir, orienter, assister, conseiller et accompagner les \u00e9tudiants souhaitant poursuivre leurs \u00e9tudes en Europe et au Maroc&nbsp;;<\/li>\n\n\n\n<li>Accompagner des organismes et des \u00e9tablissements de l&rsquo;enseignement sup\u00e9rieur et de la formation professionnelle \u00e0 toutes les \u00e9tapes de la mise en place de la Certification de qualit\u00e9 selon les normes Internationales ;<\/li>\n\n\n\n<li>De renforcer des capacit\u00e9s des comp\u00e9tences du capital humain des institutions de l&rsquo;enseignement sup\u00e9rieur et de la formation professionnelle ;<\/li>\n\n\n\n<li>Accompagner les institutions de l&rsquo;enseignement sup\u00e9rieur et de la formation professionnelle dans des projets d\u2019am\u00e9lioration continue de la qualit\u00e9 de leurs syst\u00e8mes de gestion p\u00e9dagogique ;<\/li>\n\n\n\n<li>&nbsp;Aider les structures d&rsquo;enseignement sup\u00e9rieur et de formation professionnelle \u00e0 mettre en place des m\u00e9thodes d&rsquo;\u00e9valuation de la qualit\u00e9 de l\u2019enseignement et de la formation ;<\/li>\n\n\n\n<li>Accompagner les universit\u00e9s, les \u00e9coles de formation professionnelle et les centres de recherche \u00e0 instaurer un syst\u00e8me d\u2019\u00e9valuation et d&rsquo;assurance qualit\u00e9&nbsp;;<\/li>\n\n\n\n<li>Aider nos clients dans la recherche de d\u00e9veloppement et la mise en \u0153uvre de nouveaux partenariats avec le secteur public ou priv\u00e9, au niveau national et international ;<\/li>\n\n\n\n<li>Aider les institutions de l&rsquo;enseignement sup\u00e9rieur et de la formation professionnelle dans le processus d&rsquo;accr\u00e9ditation et de reconnaissance par le Minist\u00e8re de l&rsquo;\u00c9ducation Nationale, de la Formation Professionnelle, de l&rsquo;Enseignement Sup\u00e9rieur et de la Recherche Scientifique ;<\/li>\n\n\n\n<li>D\u00e9velopper des \u00e9tudes et de la recherche scientifique et technique&nbsp;;<\/li>\n\n\n\n<li>Favoriser la coop\u00e9ration avec les associations et les organismes nationaux et internationaux&nbsp;;<\/li>\n\n\n\n<li>Former des comp\u00e9tences de haut niveau, qualifi\u00e9es et adapt\u00e9es au contexte national et international&nbsp;;<\/li>\n<\/ul>\n\n\n\n<p>Par ailleurs, C\u2019est une structure qui travaille \u00e0 l&rsquo;international pour dispenser des actions de Formation, d&rsquo;Assistance, de Conseil et d&rsquo;Accompagnement des organisations pour le d\u00e9veloppement, l&rsquo;\u00e9panouissement et la valorisation de l&rsquo;entreprise de demain.<\/p>\n\n\n\n<p>Agence Acad\u00e9mique Fran\u00e7aise Priv\u00e9e. Propose un catalogue de formations continue&nbsp;dans divers domaines et une large gamme de programmes de formation r\u00e9pondant aux besoins actuels des entreprises, des organismes et &nbsp;des administrations.<\/p>\n\n\n\n<p>Ainsi, Agence Acad\u00e9mique Fran\u00e7aise Priv\u00e9e propose aux entreprises et aux administrations :<\/p>\n\n\n\n<ul class=\"wp-block-list\">\n<li>Des formations personnalis\u00e9es et sur mesure, adapt\u00e9es aux besoins exprim\u00e9s&nbsp;;<\/li>\n\n\n\n<li>Des formations incluant toujours une partie pratique, les acquis sont imm\u00e9diatement applicables ;<\/li>\n\n\n\n<li>Une ing\u00e9nierie de formation \u00e0 la demande ;<\/li>\n\n\n\n<li>Des Evaluation des actions de formation ;&nbsp;&nbsp;&nbsp;&nbsp;&nbsp;&nbsp;&nbsp;&nbsp;<\/li>\n\n\n\n<li>Un service de proximit\u00e9 ;<\/li>\n\n\n\n<li>Une offre de qualit\u00e9 personnalis\u00e9e.<\/li>\n<\/ul>\n\n\n\n<p>Pour r\u00e9pondre au mieux aux besoins de l\u2019ensemble de ses clients, Agence Acad\u00e9mique Fran\u00e7aise Priv\u00e9e. Organise deux types de formations :<\/p>\n\n\n\n<p><strong>INTRA \u2013 entreprise<\/strong> : cette formule permet de proposer une formation sur mesure&nbsp;, qui correspond exactement aux besoins de nos clients. C\u2019est la meilleure formule pour renforcer et homog\u00e9n\u00e9iser les comp\u00e9tences au sein d\u2019une entreprise et\/ou diffuser des m\u00e9thodes et des outils communs au sein d\u2019une \u00e9quipe.<\/p>\n\n\n\n<p><strong>INTER \u2013 entreprise<\/strong> : nous organisons des formations, principalement \u00e0 Rabat, Casablanca et Tanger. Les formations ont lieu dans un h\u00f4tel de classe internationale disposant de salles de s\u00e9minaires.<\/p>\n\n\n\n<p><strong>Accompagnement des jeunes<\/strong><\/p>\n\n\n\n<ul class=\"wp-block-list\">\n<li>Elaboration des programmes de promotion de l\u2019Emploi sp\u00e9cifique pour les Jeunes chercheurs d\u2019emploi.<ul><li>Acqu\u00e9rir aux jeunes chercheurs d\u2019emploi et des cadres les connaissances et les m\u00e9thodes d\u2019investigation les plus avanc\u00e9es dans toutes les disciplines ;<\/li><\/ul><ul><li>Mener des actions de formation permanente, de perfectionnement, de recyclage, et reconversion pour les jeunes chercheurs d\u2019emploi.<\/li><\/ul>\n<ul class=\"wp-block-list\">\n<li>Organisation des ateliers de recherche d&#8217;emploi :<\/li>\n<\/ul>\n<\/li>\n\n\n\n<li>R\u00e9aliser des bilans de comp\u00e9tence des chercheurs d\u2019emploi ;<\/li>\n\n\n\n<li>Formation des demandeurs d\u2019emplois sur les techniques de <a href=\"https:\/\/www.anapec.org\/sigec-app-rv\/\">R\u00e9daction des lettres de motivation <\/a>;<\/li>\n\n\n\n<li>Aides des jeunes \u00e0 <a href=\"https:\/\/www.anapec.org\/sigec-app-rv\/\">se pr\u00e9parer \u00e0 des entretiens d\u2019embauche <\/a>;<\/li>\n\n\n\n<li>Formation des jeunes chercheurs d\u2019emplois sur :<ul><li>Les techniques de <a href=\"https:\/\/www.anapec.org\/sigec-app-rv\/\">Prospection des entreprises par les diff\u00e9rents moyens.<\/a><\/li><\/ul>\n<ul class=\"wp-block-list\">\n<li>La Culture Entrepreneuriale et Cr\u00e9ation d\u2019Entreprise.<\/li>\n<\/ul>\n<\/li>\n<\/ul>\n\n\n\n<p>La pr\u00e9sente fiche de pr\u00e9sentation de la <strong>2AFP, <\/strong>est adress\u00e9e au profit des entreprises industrielles et de services pour les informer sur nos diff\u00e9rentes prestations qui r\u00e9pondent aux besoins des soci\u00e9t\u00e9s, organismes et des diff\u00e9rentes structures pour un objectif ;<\/p>\n\n\n\n<ul class=\"wp-block-list\">\n<li>De renforcer des capacit\u00e9s des comp\u00e9tences de leur capital humain ;<\/li>\n\n\n\n<li>De d\u00e9velopper des performances aussi bien au niveau des outils de gestion qu\u2019au<\/li>\n<\/ul>\n\n\n\n<p>Niveau de l\u2019enracinement des fondements du management moderne ;<\/p>\n\n\n\n<ul class=\"wp-block-list\">\n<li>De mettre en place des solutions qui associent le savoir-faire et la performance \u00c9conomique pour des entreprises industrielles, des ONG, des institutions Publics et Priv\u00e9s ;<\/li>\n<\/ul>\n\n\n\n<p>Enfin, la <strong>2AFP, <\/strong>propose de nouvelles modalit\u00e9s des actions de formation continue permettent d\u2019am\u00e9liorer l\u2019efficacit\u00e9 des collaborateurs et des certifications individuelles professionnelles en international qui leur offrent la possibilit\u00e9 de faire na\u00eetre les comp\u00e9tences acquises.<\/p>\n\n\n\n<p>Vous pourrez choisir des th\u00e8mes de la formation qui vous correspondent, et si malgr\u00e9 tout, vous ne trouvez pas votre bonheur dans les modules propos\u00e9s, n\u2019h\u00e9sitez pas \u00e0 nous faire part de vos besoins et suggestions<\/p>\n\n\n\n<p>Charte des consultants et des experts de 2AFP<\/p>\n\n\n\n<ol class=\"wp-block-list\">\n<li>D\u00e9ployer une d\u00e9marche professionnelle ax\u00e9e sur l\u2019excellence, fond\u00e9e sur la transparence et la responsabilit\u00e9 ;<\/li>\n\n\n\n<li>Se maintenir constamment au diapason des techniques et des m\u00e9thodes afin de proposer \u00e0 nos Clients des solutions innovantes globales comp\u00e9titives et performantes ;<\/li>\n\n\n\n<li>La recherche de la qualit\u00e9 professionnelle de la relation avec nos clients ;\n<ol class=\"wp-block-list\">\n<li>Le respect de ses contraintes et des exigences en conformit\u00e9 avec le besoin de nos clients.<\/li>\n<\/ol>\n<\/li>\n\n\n\n<li>Instaurer et maintenir une relation partenariale avec nos clients pour analyser et identifier, les enjeux techniques, \u00e9conomiques et financiers de leurs projets ;<\/li>\n\n\n\n<li>Entretenir une relation ouverte et confiante avec nos partenaires, fournisseurs et sous- traitants dans un esprit de coop\u00e9ration mutuelle, au seul b\u00e9n\u00e9fice des projets ;<\/li>\n\n\n\n<li>Faire preuve d\u2019une loyaut\u00e9 totale envers ses clients et ses partenaires ;<\/li>\n\n\n\n<li>Engager un fort niveau d\u2019implication dans la relation client et la recherche des r\u00e9sultats ;<\/li>\n\n\n\n<li>Le Consultant agit ind\u00e9pendamment de tout int\u00e9r\u00eat particulier ;<\/li>\n\n\n\n<li>Le Consultant s\u2019engage \u00e0 respecter notre approche: <strong>A2P <\/strong>Recherche <strong>Action<\/strong>, le travail par <strong>Projet <\/strong>et <strong>Partenariat.<\/strong><\/li>\n<\/ol>\n","protected":false},"excerpt":{"rendered":"<p>Agence Acad\u00e9mique Fran\u00e7aise Priv\u00e9e, est une structure qui a pour missions principales : Par ailleurs, C\u2019est une structure qui travaille \u00e0 l&rsquo;international pour dispenser des actions de Formation, d&rsquo;Assistance, de Conseil et d&rsquo;Accompagnement des organisations pour le d\u00e9veloppement, l&rsquo;\u00e9panouissement et la valorisation de l&rsquo;entreprise de demain. Agence Acad\u00e9mique Fran\u00e7aise Priv\u00e9e. Propose un catalogue de formations [&hellip;]<\/p>\n","protected":false},"author":1,"featured_media":0,"parent":0,"menu_order":0,"comment_status":"closed","ping_status":"closed","template":"","meta":{"footnotes":""},"class_list":["post-43","page","type-page","status-publish","hentry"],"_links":{"self":[{"href":"https:\/\/www.aafp23.com\/index.php\/wp-json\/wp\/v2\/pages\/43","targetHints":{"allow":["GET"]}}],"collection":[{"href":"https:\/\/www.aafp23.com\/index.php\/wp-json\/wp\/v2\/pages"}],"about":[{"href":"https:\/\/www.aafp23.com\/index.php\/wp-json\/wp\/v2\/types\/page"}],"author":[{"embeddable":true,"href":"https:\/\/www.aafp23.com\/index.php\/wp-json\/wp\/v2\/users\/1"}],"replies":[{"embeddable":true,"href":"https:\/\/www.aafp23.com\/index.php\/wp-json\/wp\/v2\/comments?post=43"}],"version-history":[{"count":2,"href":"https:\/\/www.aafp23.com\/index.php\/wp-json\/wp\/v2\/pages\/43\/revisions"}],"predecessor-version":[{"id":114,"href":"https:\/\/www.aafp23.com\/index.php\/wp-json\/wp\/v2\/pages\/43\/revisions\/114"}],"wp:attachment":[{"href":"https:\/\/www.aafp23.com\/index.php\/wp-json\/wp\/v2\/media?parent=43"}],"curies":[{"name":"wp","href":"https:\/\/api.w.org\/{rel}","templated":true}]}}