{"id":36,"date":"2026-02-05T08:53:26","date_gmt":"2026-02-05T08:53:26","guid":{"rendered":"https:\/\/www.aafp23.com\/?page_id=36"},"modified":"2026-02-05T08:58:31","modified_gmt":"2026-02-05T08:58:31","slug":"mot-du-president","status":"publish","type":"page","link":"https:\/\/www.aafp23.com\/index.php\/mot-du-president\/","title":{"rendered":"Mot du pr\u00e9sident"},"content":{"rendered":"\n<figure class=\"wp-block-image alignleft size-full is-resized\"><img loading=\"lazy\" decoding=\"async\" width=\"157\" height=\"201\" src=\"https:\/\/www.aafp23.com\/wp-content\/uploads\/2026\/02\/image.png\" alt=\"\" class=\"wp-image-38\" style=\"width:188px;height:auto\"\/><\/figure>\n\n\n\n<p>Dans un contexte socio-\u00e9conomique mouvant, l\u2019acquisition de la comp\u00e9tence \u00e0 s\u2019orienter tout au long de la vie et l\u2019utilisation du num\u00e9rique et de ces possibilit\u00e9s offertes sont essentielles pour une orientation de qualit\u00e9 en phase avec son temps. Aujourd\u2019hui, face \u00e0 l\u2019\u00e9volution permanente des syst\u00e8mes d\u2019information et le monde du travail, chaque \u00e9tudiant, chaque stagiaire et chaque employ\u00e9, cadre &nbsp;doit acqu\u00e9rir des connaissances et des comp\u00e9tences lui permettant de se familiariser avec la dynamique de son environnement socio-\u00e9conomique et de se projeter dans la soci\u00e9t\u00e9.<\/p>\n\n\n\n<p>Pour r\u00e9pondre \u00e0 ces enjeux majeurs, notre Agence Acad\u00e9mique Fran\u00e7aise Priv\u00e9e 2AFP a fix\u00e9 des objectifs prioritaires&nbsp;:<\/p>\n\n\n\n<ul class=\"wp-block-list\">\n<li>D\u2019accompagner tous les citoyens pour qu\u2019ils puissent obtenir un conseil, une information ou une solution adapt\u00e9e aux transitions professionnelles&nbsp;;<\/li>\n\n\n\n<li>Accompagner les candidats dans la construction de leur projet personnel ;<\/li>\n\n\n\n<li>De Mieux articuler les diff\u00e9rents r\u00e9seaux de l\u2019orientation et de l\u2019emploi pour assurer une meilleure coh\u00e9rence de service aux usagers, des \u00e9tablissements de formation \u00e0 l\u2019emploi, et tout au long de la vie professionnelle&nbsp;;<\/li>\n\n\n\n<li>Renforcer la comp\u00e9tence de notre capital humain en mati\u00e8re de formation professionnelle et d\u2019apprentissage.<\/li>\n\n\n\n<li>Renforcer l\u2019autonomie des personnes par la construction d\u2019un outil d\u2019analyse partag\u00e9e approfondie de situation et des comp\u00e9tences \u00e0 s\u2019orienter et m\u00e9thode de cod\u00e9termination, avec la personne, des besoins en mati\u00e8re d\u2019accompagnement<\/li>\n<\/ul>\n\n\n\n<p><strong>2AFP, <\/strong>met \u00e0 la disposition de ses clients sa comp\u00e9tence en mati\u00e8re d\u2019audit organisationnel et d\u2019analyse globale d&rsquo;un environnement, afin de r\u00e9soudre un probl\u00e8me existant, de mesurer un niveau d&rsquo;efficacit\u00e9, d&rsquo;accompagner ses clients durant tout le processus de gestion administrative et industriel selon les besoins exprim\u00e9s.<\/p>\n\n\n\n<p><strong>2AFP, <\/strong>met au service de ses clients des consultants hautement qualifi\u00e9s et exp\u00e9riment\u00e9s, partageant une m\u00eame culture de l&rsquo;\u00e9coute, de la coop\u00e9ration et de l&rsquo;exigence de r\u00e9sultat.<\/p>\n\n\n\n<p><strong>2AFP, <\/strong>adopte une approche : <strong>A2P <\/strong>La recherche <strong>Action<\/strong>, le travail par <strong>Projet <\/strong>et Partenariat.<\/p>\n\n\n\n<p><strong>2AFP, <\/strong>dispose d\u2019un tr\u00e8s large \u00e9ventail des services sp\u00e9cialement adapt\u00e9s aux domaines des entreprises Industrielles et assure pour vous : des Prix\/D\u00e9lais \/qualit\u00e9 d\u2019expertise assur\u00e9e.<\/p>\n\n\n\n<p><strong>2AFP, <\/strong>se fixe comme objectif :<\/p>\n\n\n\n<ul class=\"wp-block-list\">\n<li>D&rsquo;am\u00e9liorer la productivit\u00e9 \/ qualit\u00e9 ;<\/li>\n\n\n\n<li>D&rsquo;am\u00e9liorer la performance de l\u2019entreprise ;<\/li>\n\n\n\n<li>D\u2019assurer une garantie de qualit\u00e9 des services \/ d\u00e9lais \/prix.<\/li>\n<\/ul>\n\n\n\n<p>Ces actions sont r\u00e9alis\u00e9es par nos consultants Universitaires renomm\u00e9s, hautement qualifi\u00e9s issus du monde de l&rsquo;entreprise, rompus aux sp\u00e9cificit\u00e9s de votre march\u00e9 et qui ont pris le parti d&rsquo;agir en \u00ab\u00a0hommes de conseil, d\u2019assistant, de partenaire, de formation, de d\u00e9veloppement et de r\u00e9alisation.<\/p>\n","protected":false},"excerpt":{"rendered":"<p>Dans un contexte socio-\u00e9conomique mouvant, l\u2019acquisition de la comp\u00e9tence \u00e0 s\u2019orienter tout au long de la vie et l\u2019utilisation du num\u00e9rique et de ces possibilit\u00e9s offertes sont essentielles pour une orientation de qualit\u00e9 en phase avec son temps. Aujourd\u2019hui, face \u00e0 l\u2019\u00e9volution permanente des syst\u00e8mes d\u2019information et le monde du travail, chaque \u00e9tudiant, chaque stagiaire [&hellip;]<\/p>\n","protected":false},"author":1,"featured_media":0,"parent":0,"menu_order":0,"comment_status":"closed","ping_status":"closed","template":"","meta":{"footnotes":""},"class_list":["post-36","page","type-page","status-publish","hentry"],"_links":{"self":[{"href":"https:\/\/www.aafp23.com\/index.php\/wp-json\/wp\/v2\/pages\/36","targetHints":{"allow":["GET"]}}],"collection":[{"href":"https:\/\/www.aafp23.com\/index.php\/wp-json\/wp\/v2\/pages"}],"about":[{"href":"https:\/\/www.aafp23.com\/index.php\/wp-json\/wp\/v2\/types\/page"}],"author":[{"embeddable":true,"href":"https:\/\/www.aafp23.com\/index.php\/wp-json\/wp\/v2\/users\/1"}],"replies":[{"embeddable":true,"href":"https:\/\/www.aafp23.com\/index.php\/wp-json\/wp\/v2\/comments?post=36"}],"version-history":[{"count":4,"href":"https:\/\/www.aafp23.com\/index.php\/wp-json\/wp\/v2\/pages\/36\/revisions"}],"predecessor-version":[{"id":42,"href":"https:\/\/www.aafp23.com\/index.php\/wp-json\/wp\/v2\/pages\/36\/revisions\/42"}],"wp:attachment":[{"href":"https:\/\/www.aafp23.com\/index.php\/wp-json\/wp\/v2\/media?parent=36"}],"curies":[{"name":"wp","href":"https:\/\/api.w.org\/{rel}","templated":true}]}}