{"id":324,"date":"2026-02-19T12:43:53","date_gmt":"2026-02-19T12:43:53","guid":{"rendered":"https:\/\/www.aafp23.com\/?page_id=324"},"modified":"2026-02-20T11:41:21","modified_gmt":"2026-02-20T11:41:21","slug":"masteres-5-ans","status":"publish","type":"page","link":"https:\/\/www.aafp23.com\/index.php\/masteres-5-ans\/","title":{"rendered":"Masteres (5 ans)"},"content":{"rendered":"\n<p class=\"has-text-align-center has-post-title-font-size\"><strong><mark style=\"background-color:rgba(0, 0, 0, 0);color:#5906a6\" class=\"has-inline-color\">Formation Mastere<\/mark><\/strong><\/p>\n\n\n\n<p>Nos fili\u00e8res:<\/p>\n\n\n\n<div class=\"wp-block-group is-layout-constrained wp-container-core-group-is-layout-19e250f3 wp-block-group-is-layout-constrained\">\n<p><strong><a href=\"https:\/\/www.aafp23.com\/index.php\/mmcb\/\" data-type=\"page\" data-id=\"266\">Mastere Management Commercial et Business<\/a><\/strong><\/p>\n\n\n\n<p><strong><a href=\"https:\/\/www.aafp23.com\/index.php\/mmbu\/\" data-type=\"page\" data-id=\"269\">Mastere Manager de Business Unit<\/a><\/strong><\/p>\n\n\n\n<p><strong><a href=\"https:\/\/www.aafp23.com\/index.php\/mmasc\/\" data-type=\"page\" data-id=\"272\">Mastere Management, Achat et Supply Chain<\/a><\/strong><\/p>\n\n\n\n<p><strong>Mastere Management, Marketing Digital<\/strong><\/p>\n\n\n\n<p><strong><a href=\"https:\/\/www.aafp23.com\/index.php\/bbipa\/\" data-type=\"page\" data-id=\"263\">Mastere Charg\u00e9 de projets internationaux (passerelle anglophone)<\/a><\/strong><\/p>\n\n\n\n<p><strong><a href=\"https:\/\/www.aafp23.com\/index.php\/mgcf\/\" data-type=\"page\" data-id=\"281\">Mast\u00e8re &#8211; Gestion Comptable et Financi\u00e8re (GCF)<\/a><\/strong><\/p>\n\n\n\n<p><strong><a href=\"https:\/\/www.aafp23.com\/index.php\/mmtd\/\" data-type=\"page\" data-id=\"301\">Mastere Manager de la transformation digitale<\/a><\/strong><\/p>\n\n\n\n<p><strong><a href=\"https:\/\/www.aafp23.com\/index.php\/mmcsi\/\" data-type=\"page\" data-id=\"305\">Mastere Management et Conseil en Syst\u00e8mes d\u2019Information<\/a><\/strong><\/p>\n\n\n\n<p><strong><a href=\"https:\/\/www.aafp23.com\/index.php\/msrcc\/\" data-type=\"page\" data-id=\"308\">Mastere Syst\u00e8mes, R\u00e9seaux et Cloud Computing<\/a><\/strong><\/p>\n<\/div>\n\n\n\n<div class=\"wp-block-group is-layout-constrained wp-block-group-is-layout-constrained\">\n<div class=\"wp-block-group has-top-bg-background-color has-text-color has-background has-link-color has-content-heading-font-size wp-elements-8ab8ec6a1b4edd1193bc7b5d687e093b is-content-justification-center is-nowrap is-layout-flex wp-container-core-group-is-layout-593f9cca wp-block-group-is-layout-flex\" style=\"color:#083da8;padding-top:0;padding-bottom:0\">\n<p><mark style=\"background-color:rgba(0, 0, 0, 0);color:#cf2e2e\" class=\"has-inline-color\"><strong>Admission<\/strong> : Bac +3 \/ +4<\/mark><\/p>\n\n\n\n<p><mark style=\"background-color:rgba(0, 0, 0, 0);color:#cf2e2e\" class=\"has-inline-color\"><strong>Dur\u00e9e<\/strong>: 2 ans<\/mark><\/p>\n<\/div>\n<\/div>\n\n\n\n<div class=\"wp-block-buttons alignwide is-content-justification-center is-layout-flex wp-container-core-buttons-is-layout-a89b3969 wp-block-buttons-is-layout-flex\">\n<div class=\"wp-block-button\"><a class=\"wp-block-button__link has-background wp-element-button\" style=\"background-color:#802ad0\">INSCRIPTION EN MASTERE<\/a><\/div>\n<\/div>\n","protected":false},"excerpt":{"rendered":"<p>Formation Mastere Nos fili\u00e8res: Mastere Management Commercial et Business Mastere Manager de Business Unit Mastere Management, Achat et Supply Chain Mastere Management, Marketing Digital Mastere Charg\u00e9 de projets internationaux (passerelle anglophone) Mast\u00e8re &#8211; Gestion Comptable et Financi\u00e8re (GCF) Mastere Manager de la transformation digitale Mastere Management et Conseil en Syst\u00e8mes d\u2019Information Mastere Syst\u00e8mes, R\u00e9seaux et [&hellip;]<\/p>\n","protected":false},"author":1,"featured_media":0,"parent":0,"menu_order":0,"comment_status":"closed","ping_status":"closed","template":"","meta":{"footnotes":""},"class_list":["post-324","page","type-page","status-publish","hentry"],"_links":{"self":[{"href":"https:\/\/www.aafp23.com\/index.php\/wp-json\/wp\/v2\/pages\/324","targetHints":{"allow":["GET"]}}],"collection":[{"href":"https:\/\/www.aafp23.com\/index.php\/wp-json\/wp\/v2\/pages"}],"about":[{"href":"https:\/\/www.aafp23.com\/index.php\/wp-json\/wp\/v2\/types\/page"}],"author":[{"embeddable":true,"href":"https:\/\/www.aafp23.com\/index.php\/wp-json\/wp\/v2\/users\/1"}],"replies":[{"embeddable":true,"href":"https:\/\/www.aafp23.com\/index.php\/wp-json\/wp\/v2\/comments?post=324"}],"version-history":[{"count":2,"href":"https:\/\/www.aafp23.com\/index.php\/wp-json\/wp\/v2\/pages\/324\/revisions"}],"predecessor-version":[{"id":357,"href":"https:\/\/www.aafp23.com\/index.php\/wp-json\/wp\/v2\/pages\/324\/revisions\/357"}],"wp:attachment":[{"href":"https:\/\/www.aafp23.com\/index.php\/wp-json\/wp\/v2\/media?parent=324"}],"curies":[{"name":"wp","href":"https:\/\/api.w.org\/{rel}","templated":true}]}}