{"id":281,"date":"2026-02-18T15:15:03","date_gmt":"2026-02-18T15:15:03","guid":{"rendered":"https:\/\/www.aafp23.com\/?page_id=281"},"modified":"2026-02-20T11:39:55","modified_gmt":"2026-02-20T11:39:55","slug":"mgcf","status":"publish","type":"page","link":"https:\/\/www.aafp23.com\/index.php\/mgcf\/","title":{"rendered":"Mast\u00e8re Gestion Comptable et Financi\u00e8re (GCF)"},"content":{"rendered":"\n<p class=\"has-text-align-center has-post-title-font-size\"><strong><mark style=\"background-color:rgba(0, 0, 0, 0);color:#5906a6\" class=\"has-inline-color\">Mastere Gestion Comptable et Financi\u00e8re (GCF)<\/mark><\/strong><\/p>\n\n\n\n<div class=\"wp-block-group is-layout-constrained wp-block-group-is-layout-constrained\">\n<div class=\"wp-block-group has-top-bg-background-color has-text-color has-background has-link-color has-content-heading-font-size wp-elements-8ab8ec6a1b4edd1193bc7b5d687e093b is-content-justification-center is-nowrap is-layout-flex wp-container-core-group-is-layout-593f9cca wp-block-group-is-layout-flex\" style=\"color:#083da8;padding-top:0;padding-bottom:0\">\n<p><mark style=\"background-color:rgba(0, 0, 0, 0);color:#cf2e2e\" class=\"has-inline-color\"><strong>Admission<\/strong> : Bac +3 \/ +4<\/mark><\/p>\n\n\n\n<p><mark style=\"background-color:rgba(0, 0, 0, 0);color:#cf2e2e\" class=\"has-inline-color\"><strong>Dur\u00e9e<\/strong>: 2 ans<\/mark><\/p>\n<\/div>\n<\/div>\n\n\n\n<p class=\"has-site-title-font-size\">PROGRAMME<\/p>\n\n\n\n<p>Accompagner une structure dans sa gestion juridique, fiscale et sociale<br>R\u00e9aliser le diagnostic financier d\u2019une organisation ou d&rsquo;un groupe afin d&rsquo;\u00e9clairer les d\u00e9cisions<br>Conseiller une organisation sur des probl\u00e9matiques de management et de contr\u00f4le de gestion<br>\u00c9tablir la comptabilit\u00e9 de groupes dans diff\u00e9rentes situations et participer \u00e0 une mission d&rsquo;audit<br>Conseiller une organisation sur le management des syst\u00e8mes d\u2019information<br>Communiquer en anglais sur des th\u00e9matiques professionnelles<br>Proposer des solutions \u00e0 une probl\u00e9matique li\u00e9e \u00e0 un contexte professionnel<\/p>\n\n\n\n<div class=\"wp-block-buttons alignwide is-content-justification-center is-layout-flex wp-container-core-buttons-is-layout-a89b3969 wp-block-buttons-is-layout-flex\">\n<div class=\"wp-block-button\"><a class=\"wp-block-button__link has-background wp-element-button\" style=\"background-color:#802ad0\">INSCRIPTION EN MASTERE<\/a><\/div>\n<\/div>\n","protected":false},"excerpt":{"rendered":"<p>Mastere Gestion Comptable et Financi\u00e8re (GCF) Admission : Bac +3 \/ +4 Dur\u00e9e: 2 ans PROGRAMME Accompagner une structure dans sa gestion juridique, fiscale et socialeR\u00e9aliser le diagnostic financier d\u2019une organisation ou d&rsquo;un groupe afin d&rsquo;\u00e9clairer les d\u00e9cisionsConseiller une organisation sur des probl\u00e9matiques de management et de contr\u00f4le de gestion\u00c9tablir la comptabilit\u00e9 de groupes dans [&hellip;]<\/p>\n","protected":false},"author":1,"featured_media":0,"parent":0,"menu_order":0,"comment_status":"closed","ping_status":"closed","template":"","meta":{"footnotes":""},"class_list":["post-281","page","type-page","status-publish","hentry"],"_links":{"self":[{"href":"https:\/\/www.aafp23.com\/index.php\/wp-json\/wp\/v2\/pages\/281","targetHints":{"allow":["GET"]}}],"collection":[{"href":"https:\/\/www.aafp23.com\/index.php\/wp-json\/wp\/v2\/pages"}],"about":[{"href":"https:\/\/www.aafp23.com\/index.php\/wp-json\/wp\/v2\/types\/page"}],"author":[{"embeddable":true,"href":"https:\/\/www.aafp23.com\/index.php\/wp-json\/wp\/v2\/users\/1"}],"replies":[{"embeddable":true,"href":"https:\/\/www.aafp23.com\/index.php\/wp-json\/wp\/v2\/comments?post=281"}],"version-history":[{"count":2,"href":"https:\/\/www.aafp23.com\/index.php\/wp-json\/wp\/v2\/pages\/281\/revisions"}],"predecessor-version":[{"id":348,"href":"https:\/\/www.aafp23.com\/index.php\/wp-json\/wp\/v2\/pages\/281\/revisions\/348"}],"wp:attachment":[{"href":"https:\/\/www.aafp23.com\/index.php\/wp-json\/wp\/v2\/media?parent=281"}],"curies":[{"name":"wp","href":"https:\/\/api.w.org\/{rel}","templated":true}]}}