{"id":275,"date":"2026-02-18T15:07:29","date_gmt":"2026-02-18T15:07:29","guid":{"rendered":"https:\/\/www.aafp23.com\/?page_id=275"},"modified":"2026-02-20T11:40:38","modified_gmt":"2026-02-20T11:40:38","slug":"mastere-management-marketing-digital","status":"publish","type":"page","link":"https:\/\/www.aafp23.com\/index.php\/mastere-management-marketing-digital\/","title":{"rendered":"Mastere Management, Marketing Digital"},"content":{"rendered":"\n<p class=\"has-text-align-center has-post-title-font-size\"><strong><mark style=\"background-color:rgba(0, 0, 0, 0);color:#5906a6\" class=\"has-inline-color\">Mastere Management, Marketing Digital<\/mark><\/strong><\/p>\n\n\n\n<div class=\"wp-block-group is-layout-constrained wp-block-group-is-layout-constrained\">\n<div class=\"wp-block-group has-top-bg-background-color has-text-color has-background has-link-color has-content-heading-font-size wp-elements-8ab8ec6a1b4edd1193bc7b5d687e093b is-content-justification-center is-nowrap is-layout-flex wp-container-core-group-is-layout-593f9cca wp-block-group-is-layout-flex\" style=\"color:#083da8;padding-top:0;padding-bottom:0\">\n<p><mark style=\"background-color:rgba(0, 0, 0, 0);color:#cf2e2e\" class=\"has-inline-color\"><strong>Admission<\/strong> : Bac +3 \/ +4<\/mark><\/p>\n\n\n\n<p><mark style=\"background-color:rgba(0, 0, 0, 0);color:#cf2e2e\" class=\"has-inline-color\"><strong>Dur\u00e9e<\/strong>: 2 ans<\/mark><\/p>\n<\/div>\n<\/div>\n\n\n\n<p class=\"has-site-title-font-size\">PROGRAMME<\/p>\n\n\n\n<p><strong>Enseignement g\u00e9n\u00e9raux<\/strong><\/p>\n\n\n\n<ul class=\"wp-block-list\">\n<li>Lv.1-2 Anglais\/Fran\u00e7ais<\/li>\n\n\n\n<li>Marketing (analyse de march\u00e9, d\u00e9veloppement commercial etc.)<\/li>\n\n\n\n<li>Marketing digital et communication<\/li>\n\n\n\n<li>Droit et Economie (entreprises, sociales etc.)<\/li>\n\n\n\n<li>Strat\u00e9gie d&rsquo;organisation<\/li>\n\n\n\n<li>Management (entreprise, projet, etc.)<\/li>\n\n\n\n<li>Networking<\/li>\n<\/ul>\n\n\n\n<h3 class=\"wp-block-heading\">P\u00e9riode en entreprise obligatoire<\/h3>\n\n\n\n<ul class=\"wp-block-list\">\n<li>Stage\/CDD 2 mois minimum en M1<\/li>\n\n\n\n<li>Stage\/CDD 5-6 mois en M2<\/li>\n\n\n\n<li>ou en contrat d&rsquo;alternance Apprentissage\/Professionalisation<\/li>\n<\/ul>\n\n\n\n<div class=\"wp-block-buttons alignwide is-content-justification-center is-layout-flex wp-container-core-buttons-is-layout-a89b3969 wp-block-buttons-is-layout-flex\">\n<div class=\"wp-block-button\"><a class=\"wp-block-button__link has-background wp-element-button\" style=\"background-color:#802ad0\">INSCRIPTION EN MASTERE<\/a><\/div>\n<\/div>\n","protected":false},"excerpt":{"rendered":"<p>Mastere Management, Marketing Digital Admission : Bac +3 \/ +4 Dur\u00e9e: 2 ans PROGRAMME Enseignement g\u00e9n\u00e9raux P\u00e9riode en entreprise obligatoire<\/p>\n","protected":false},"author":1,"featured_media":0,"parent":0,"menu_order":0,"comment_status":"closed","ping_status":"closed","template":"","meta":{"footnotes":""},"class_list":["post-275","page","type-page","status-publish","hentry"],"_links":{"self":[{"href":"https:\/\/www.aafp23.com\/index.php\/wp-json\/wp\/v2\/pages\/275","targetHints":{"allow":["GET"]}}],"collection":[{"href":"https:\/\/www.aafp23.com\/index.php\/wp-json\/wp\/v2\/pages"}],"about":[{"href":"https:\/\/www.aafp23.com\/index.php\/wp-json\/wp\/v2\/types\/page"}],"author":[{"embeddable":true,"href":"https:\/\/www.aafp23.com\/index.php\/wp-json\/wp\/v2\/users\/1"}],"replies":[{"embeddable":true,"href":"https:\/\/www.aafp23.com\/index.php\/wp-json\/wp\/v2\/comments?post=275"}],"version-history":[{"count":2,"href":"https:\/\/www.aafp23.com\/index.php\/wp-json\/wp\/v2\/pages\/275\/revisions"}],"predecessor-version":[{"id":353,"href":"https:\/\/www.aafp23.com\/index.php\/wp-json\/wp\/v2\/pages\/275\/revisions\/353"}],"wp:attachment":[{"href":"https:\/\/www.aafp23.com\/index.php\/wp-json\/wp\/v2\/media?parent=275"}],"curies":[{"name":"wp","href":"https:\/\/api.w.org\/{rel}","templated":true}]}}