{"id":149,"date":"2026-02-18T09:48:53","date_gmt":"2026-02-18T09:48:53","guid":{"rendered":"https:\/\/www.aafp23.com\/?page_id=149"},"modified":"2026-02-18T09:50:44","modified_gmt":"2026-02-18T09:50:44","slug":"departement-commercial","status":"publish","type":"page","link":"https:\/\/www.aafp23.com\/index.php\/departement-commercial\/","title":{"rendered":"D\u00e9partement\u00a0 Commercial"},"content":{"rendered":"\n<p class=\"has-text-align-left\"><strong><mark style=\"background-color:rgba(0, 0, 0, 0);color:#1308a8\" class=\"has-inline-color\">Actions commerciales<\/mark><\/strong><\/p>\n\n\n\n<ol class=\"wp-block-list\">\n<li>Fournitures de bureau, Papeterie et\u00a0 consommables;<\/li>\n\n\n\n<li>Fournitures de bureau, Papeterie et\u00a0 consommables;<\/li>\n\n\n\n<li>Composantes\u00a0 \u00e9lectriques et \u00e9lectroniques\u00a0;<\/li>\n\n\n\n<li>Maintenance\u00a0 des mat\u00e9riels informatiques\u00a0(proposition de contrat de maintenance);<\/li>\n\n\n\n<li>Fabrication et pose menuiseries aluminium\u00a0;<\/li>\n\n\n\n<li>Vitrage-Am\u00e9nagement et d\u00e9coration;<\/li>\n\n\n\n<li>Cameras de surveillances.<\/li>\n<\/ol>\n\n\n\n<p><strong><mark style=\"background-color:rgba(0, 0, 0, 0);color:#1308a8\" class=\"has-inline-color\">\u00a0Actions des travaux divers<\/mark><\/strong><\/p>\n\n\n\n<p>Notre&nbsp; d\u00e9partement est sp\u00e9cialis\u00e9&nbsp; entre autre dans la menuiserie aluminium&nbsp; et entretient tous les ouvrages courants de menuiserie aluminium, li\u00e9s au secteur du b\u00e2timent. Les ouvrages principaux sont les portes et fen\u00eatres, les garde-corps, rampes, mais aussi les cloisons dans le cadre d&rsquo;am\u00e9nagement int\u00e9rieur.<\/p>\n\n\n\n<p>Notre soci\u00e9t\u00e9\u00a0 <strong><mark style=\"background-color:rgba(0, 0, 0, 0);color:#1308a8\" class=\"has-inline-color\">2AFP<\/mark>, <\/strong>\u00e9tend ses\u00a0 prestations dans la r\u00e9alisation des structures telles que verri\u00e8res, v\u00e9randas et loggias. Elle\u00a0 assure\u00a0 les diff\u00e9rentes op\u00e9rations de fabrication, en atelier industriel, la production en grande s\u00e9rie, de m\u00eame elle r\u00e9alise des ouvrages en petites s\u00e9ries, avec une qualit\u00e9 normalis\u00e9e et d\u00e9lais de livraison respect\u00e9 et engag\u00e9.<\/p>\n\n\n\n<p><strong><mark style=\"background-color:rgba(0, 0, 0, 0);color:#1308a8\" class=\"has-inline-color\">2AFP<\/mark>,<\/strong>\u00a0 Reconnu sur le march\u00e9 du b\u00e2timent comme un sp\u00e9cialiste incontournable de l&rsquo;ouvrage en menuiserie.<\/p>\n\n\n\n<p><strong><mark style=\"background-color:rgba(0, 0, 0, 0);color:#1308a8\" class=\"has-inline-color\">Garantie Qualit\u00e9: Vous satisfaire<\/mark><\/strong><\/p>\n\n\n\n<ul class=\"wp-block-list\">\n<li>La performance qualit\u00e9 &#8211; d\u00e9lai &#8211; co\u00fbt au service de nos clients\u00a0;<\/li>\n\n\n\n<li>Un savoir faire pour concevoir des b\u00e2timents plus \u00e9conomes\u00a0;<\/li>\n\n\n\n<li>Conformes aux crit\u00e8res de qualit\u00e9 environnementale.<\/li>\n<\/ul>\n\n\n\n<p><strong><mark style=\"background-color:rgba(0, 0, 0, 0);color:#1308a8\" class=\"has-inline-color\">Garantie conseil: Vous accompagne<\/mark><\/strong><\/p>\n\n\n\n<ul class=\"wp-block-list\">\n<li>Suivre l\u2019ensemble de votre projet de la conception \u00e0 la mise en \u0153uvre\u00a0;<\/li>\n\n\n\n<li>Des \u00e9quipes forces de proposition et d\u2019\u00e9coute, pour r\u00e9pondre \u00e0 vos besoins.<\/li>\n<\/ul>\n\n\n\n<p><strong><mark style=\"background-color:rgba(0, 0, 0, 0);color:#1308a8\" class=\"has-inline-color\">Nos Qualifications:\u00a0 (technicit\u00e9 confirm\u00e9e)<\/mark><\/strong><\/p>\n\n\n\n<ul class=\"wp-block-list\">\n<li>Fabrication et pose menuiseries aluminium\u00a0, Vitrage-Am\u00e9nagement et d\u00e9coration<\/li>\n\n\n\n<li>Fabrication et pose fa\u00e7ades rideaux m\u00e9talliques\u00a0, Ferronnerie\u00a0, Isolation thermique par l\u2019ext\u00e9rieur\u00a0, Fourniture et pose de menuiseries ext\u00e9rieures m\u00e9talliques\u00a0;<\/li>\n\n\n\n<li>Fourniture et pose de persiennes, volets battants et coulissants, portes coulissantes et pliantes, jalousies,\u00a0\u00a0 volets roulants, protections solaires\u00a0;<\/li>\n\n\n\n<li>Fourniture et pose de rideaux, grilles, portes de garage, portes pi\u00e9tonnes et portails, portes sectionnelles. .<\/li>\n<\/ul>\n\n\n\n<p><mark style=\"background-color:rgba(0, 0, 0, 0);color:#1308a8\" class=\"has-inline-color\"><strong>Produits de surveillance et de s\u00e9curit\u00e9<\/strong>\u00a0:<\/mark><\/p>\n\n\n\n<ul class=\"wp-block-list\">\n<li>Appareil \u00e9lectroniques.<\/li>\n\n\n\n<li>Composantes \u00e9lectroniques et \u00e9lectriques<\/li>\n<\/ul>\n\n\n\n<p><strong><mark style=\"background-color:rgba(0, 0, 0, 0);color:#1308a8\" class=\"has-inline-color\">Produits et syst\u00e8mes en aluminium<\/mark>\u00a0<\/strong><\/p>\n\n\n\n<p>Vitrage ,fa\u00e7ades rideaux m\u00e9talliques\u00a0, Ferronnerie\u00a0, Isolation thermique, volets battants et coulissants, portes coulissantes et pliantes, jalousies,\u00a0\u00a0 volets roulants, protections solaires\u00a0, grilles, portes de garage, portes pi\u00e9tonnes et portails, portes sectionnelles.<\/p>\n\n\n\n<figure class=\"wp-block-image aligncenter size-large is-resized\"><img loading=\"lazy\" decoding=\"async\" width=\"1024\" height=\"834\" src=\"https:\/\/www.aafp23.com\/wp-content\/uploads\/2026\/02\/image-8-1024x834.png\" alt=\"\" class=\"wp-image-151\" style=\"aspect-ratio:1.2278115222575217;width:588px;height:auto\" srcset=\"https:\/\/www.aafp23.com\/wp-content\/uploads\/2026\/02\/image-8-1024x834.png 1024w, https:\/\/www.aafp23.com\/wp-content\/uploads\/2026\/02\/image-8-300x244.png 300w, https:\/\/www.aafp23.com\/wp-content\/uploads\/2026\/02\/image-8-768x626.png 768w, https:\/\/www.aafp23.com\/wp-content\/uploads\/2026\/02\/image-8.png 1079w\" sizes=\"auto, (max-width: 1024px) 100vw, 1024px\" \/><\/figure>\n","protected":false},"excerpt":{"rendered":"<p>Actions commerciales \u00a0Actions des travaux divers Notre&nbsp; d\u00e9partement est sp\u00e9cialis\u00e9&nbsp; entre autre dans la menuiserie aluminium&nbsp; et entretient tous les ouvrages courants de menuiserie aluminium, li\u00e9s au secteur du b\u00e2timent. Les ouvrages principaux sont les portes et fen\u00eatres, les garde-corps, rampes, mais aussi les cloisons dans le cadre d&rsquo;am\u00e9nagement int\u00e9rieur. Notre soci\u00e9t\u00e9\u00a0 2AFP, \u00e9tend ses\u00a0 [&hellip;]<\/p>\n","protected":false},"author":1,"featured_media":0,"parent":0,"menu_order":0,"comment_status":"closed","ping_status":"closed","template":"","meta":{"footnotes":""},"class_list":["post-149","page","type-page","status-publish","hentry"],"_links":{"self":[{"href":"https:\/\/www.aafp23.com\/index.php\/wp-json\/wp\/v2\/pages\/149","targetHints":{"allow":["GET"]}}],"collection":[{"href":"https:\/\/www.aafp23.com\/index.php\/wp-json\/wp\/v2\/pages"}],"about":[{"href":"https:\/\/www.aafp23.com\/index.php\/wp-json\/wp\/v2\/types\/page"}],"author":[{"embeddable":true,"href":"https:\/\/www.aafp23.com\/index.php\/wp-json\/wp\/v2\/users\/1"}],"replies":[{"embeddable":true,"href":"https:\/\/www.aafp23.com\/index.php\/wp-json\/wp\/v2\/comments?post=149"}],"version-history":[{"count":2,"href":"https:\/\/www.aafp23.com\/index.php\/wp-json\/wp\/v2\/pages\/149\/revisions"}],"predecessor-version":[{"id":154,"href":"https:\/\/www.aafp23.com\/index.php\/wp-json\/wp\/v2\/pages\/149\/revisions\/154"}],"wp:attachment":[{"href":"https:\/\/www.aafp23.com\/index.php\/wp-json\/wp\/v2\/media?parent=149"}],"curies":[{"name":"wp","href":"https:\/\/api.w.org\/{rel}","templated":true}]}}